= 1023*v. Is v a prime number?
False
Suppose -52*h = 57*h - 9287150 - 2999003. Is h a composite number?
True
Suppose -5*j = -5*i - 535815, j - 4*i - 52429 = 54740. Is j a composite number?
True
Suppose 6*c = -57*c + 2864799. Is c composite?
True
Suppose 66 = 7*r - 11. Let q(t) = -19*t**2 + 9*t + 1. Let a(w) = 57*w**2 - 26*w - 2. Let d(m) = r*q(m) + 4*a(m). Is d(-6) composite?
True
Let k be ((-3)/(-2))/(14/(-28)). Is (k - ((-27)/4 - -4))*-12652 a composite number?
False
Let x(g) = -531*g - 8767. Is x(-40) a composite number?
False
Let c = 44 - 41. Suppose -5*d - c*r = -2*r - 190, -d = -2*r - 49. Suppose 42*u = d*u + 2739. Is u a prime number?
False
Suppose x = 7690 + 11811. Suppose -2*h = w - 4884, -w + 5*w + h = x. Suppose 0*v + 2437 = z - 5*v, v = 2*z - w. Is z prime?
True
Suppose 0 = -3*w - 2*q + 171657, -4*w + 145060 + 83811 = q. Is w a prime number?
False
Let q be ((-54)/15)/(6/(-40)). Suppose 26*h - 4 = q*h. Suppose h*n = -3*n + 805. Is n prime?
False
Let o(t) = -56*t**2 + 6*t + 9. Let n be o(4). Let d = -2108 - n. Is 2*(-1 + d/(-10)) composite?
True
Suppose 2*s + 0*s = 6. Let y be (s - 3)/(3 + -1). Suppose y = 5*h - 5*l - 3550, 3*h - 5*l - 699 = 1425. Is h a prime number?
False
Suppose 5100682 = 360*c - 342*c - 5480708. Is c composite?
True
Let s(d) be the third derivative of -203*d**4/24 + 35*d**3/6 + 29*d**2 - d. Is s(-12) a composite number?
True
Let x(b) = -b + 1. Let c(q) = 56*q + 2. Let s(m) = -c(m) - 5*x(m). Let h be s(5). Is (h + 0)*-1 + 12/(-4) a composite number?
True
Suppose -28*x + 33*x - 207919 = -2*z, -3*x + 415803 = 4*z. Is z a composite number?
True
Let n = 5674 + -1187. Suppose 3*b + 3*h = 2*b + n, -4*h = 4*b - 17932. Is b a composite number?
False
Let p = 619 + 455. Let y = -1 + p. Is y prime?
False
Let h(o) = -1581*o**3 + 3*o**2 + o + 1. Let q(y) = y**3 - 11*y**2 - y + 9. Let z be q(11). Is h(z) composite?
False
Let h(u) = 6*u**3 + 7*u**2 + 7*u + 7. Suppose -4*j + 5 = -11. Let s be 256/40 + j/(-10). Is h(s) prime?
True
Let j = -47 + -107. Let p = j - -2932. Is p/1 + -3 + 2 a prime number?
True
Let y = 1369018 - 932331. Is y a prime number?
True
Suppose 0 = -19*y + 21*y - 740. Let g = y - -49. Is g composite?
False
Let b(x) = -672*x**3 - 5*x**2 - 9*x - 5. Is b(-6) a composite number?
False
Let s be 5*1*(1 - 114/(-30)). Let f be (s/(-10))/((-24)/60). Suppose -10*a + 724 = -f*a. Is a a composite number?
False
Suppose -5*w = 11 + 4, 0 = -j + 4*w + 14. Suppose -j*g + 4*r = -6 - 4, 5*g + 2*r = -35. Is -110*(-6)/4*g/(-15) composite?
True
Let f = 55 + -90. Let q = 49 + f. Suppose -9*w + q*w - 3235 = 0. Is w prime?
True
Let z(u) = -35*u**2 + 12*u - 13. Let q(x) = 4*x**2 + 1. Let g(t) = -6*q(t) - z(t). Let w(p) = -p + 1. Let b be w(-5). Is g(b) a prime number?
True
Let s be 8 + 15/(-2) - (-264379)/2. Suppose -27761 + s = 5*c - 3*a, -5*c - 2*a = -104439. Is c a composite number?
False
Suppose 4*t - 257343 - 459144 = 37069. Is t a composite number?
False
Let z be (-4 - 0 - -2) + -51. Let u = z + 53. Suppose u = -8*m - 3*m + 14135. Is m a prime number?
False
Let p(o) = -541*o**3 - 2*o**2 + 2. Let d = 158 - 159. Is p(d) prime?
True
Let k be 2*(-44 - (5 - (5 - 2))). Let c = k + 315. Is c a composite number?
False
Let r = 109 - 100. Let n(m) = 30*m**2 - 11*m - 31. Let h be n(r). Suppose 3905 = 5*a - h. Is a prime?
False
Suppose -w - 6*z + 1004723 = 8*z, -2*z + 2009238 = 2*w. Is w prime?
False
Let x(s) = 1044*s + 361. Let n = 669 + -637. Is x(n) prime?
True
Suppose 0 = -h - 2*p + 267177, -h - 116*p = -119*p - 267202. Is h composite?
False
Let y(t) = 251*t**2 + 14 + t**3 - 239*t**2 + 9*t + 2*t. Let g be y(-11). Suppose 0 = -10*u + g*u - 2452. Is u composite?
False
Suppose 5*n - 2*z = 123, 5*n - 6*n + z + 27 = 0. Suppose 5*r + 52146 = n*r. Is r prime?
True
Suppose -37*b - 36*b + 13645817 = 0. Is b a composite number?
True
Suppose 0 = s - 3*p - 759064, -3*p + 1933472 = 3*s - 343756. Is s composite?
True
Let j = -1085897 - -2150764. Is j composite?
False
Let v = -525 + 541. Is ((-34510)/v)/(-5) + 18/(-48) composite?
False
Let h(b) = -39*b**3 - 19*b**2 + 11*b - 46. Is h(-13) composite?
True
Let u(h) = -18*h**2 - 376*h + 60. Let m(i) = 12*i**2 + 251*i - 40. Let s(z) = -7*m(z) - 5*u(z). Is s(-29) prime?
True
Suppose -2*t + 0*t - 2*x + 17626 = 0, 0 = -4*t - 2*x + 35246. Let l be (t/(-15) - 4)*-3. Suppose -7*k + l + 29677 = 0. Is k a prime number?
True
Let p = 54 + -43. Is (p - 10)*(-1 + 1532) prime?
True
Suppose -190*f - 213*f = -136404619. Is f a prime number?
True
Suppose 5*p - 4*c = 1391159, 231*p - 234*p + 834697 = -4*c. Is p a prime number?
False
Let f = 9778 + -1919. Suppose -73018 = -23*b - f. Is b prime?
True
Let h = -104 - -118. Let c be h/4*(-12)/(-14). Suppose c*b - 758 - 193 = 0. Is b a composite number?
False
Let q be -19 - (-10)/(-8 + 10). Is (-6)/q - (-4341116)/434 prime?
False
Suppose 0 = 64*a - 44*a + 660. Let v(s) = s**3 + 35*s**2 - 4*s + 79. Is v(a) composite?
False
Let z(m) = 9*m**3 + 10*m**2 + 15*m + 71. Let v be z(-11). Is (v - -1)*5/(-10) a prime number?
True
Let v = 537652 + -371369. Is v composite?
True
Let u = -10138 + 17026. Let f = u + 391. Is f a composite number?
True
Let c = 17368 - 8735. Is c a composite number?
True
Let g(t) = -12 + 29*t + 4*t**3 - 22*t**2 - 9 - 2*t**3 + 3*t**2. Let q(h) = -h**3 + 10*h**2 - 15*h + 11. Let n(i) = -2*g(i) - 5*q(i). Is n(12) prime?
True
Suppose 2*c - 2*j = -c + 11427, j = -2*c + 7604. Is c prime?
False
Suppose 2*u - 7*r + 12*r = 59812, 0 = -4*u + r + 119602. Suppose 2*h + u = 5*j, 5977 = j - 2*h - 0*h. Is j composite?
False
Let w(n) = n - 5. Let r be w(-7). Let y be 1 - (-4 - (1 + r)). Is ((-10)/y + -1)*(-86343)/(-34) prime?
True
Let f = -33 - -39. Let x be -1*f/9 - (-2)/3. Suppose x = 4*g - 341 - 103. Is g a composite number?
True
Let l(b) = 11*b + 67. Let g be l(-6). Let o = 380 + g. Is o a prime number?
False
Let s = 83992 + -41673. Is s a composite number?
True
Let j = -64 + 66. Suppose j*w + 2*l = 258, -4*l = -5*w + l + 605. Suppose -r - 46 + w = 0. Is r a composite number?
False
Let x(m) = -2*m**2 - 4*m - 5. Let g be x(-3). Is 6394 - (-2 - (4 + g)) a composite number?
False
Is (-291)/(-873) - (-279996)/9*16 a prime number?
True
Let i be (1262/6)/(2/(-6)). Let o be (-16)/(80/(-15)) - -5. Is (o/36 + 22/(-18))*i a composite number?
False
Let q be 4*4*3/16 - 0. Suppose -245 = q*f + 4*f. Let b = f + 70. Is b a composite number?
True
Let q(b) = b**2 + 4*b + 58. Let k be q(12). Let j = -406 + 274. Let w = k + j. Is w a composite number?
True
Let d(i) = i**3 + 4*i**2 - 10*i - 10. Let o be d(-5). Suppose -11*p + o*p - 3672 = 0. Let u = p + -367. Is u a composite number?
True
Let r(b) = 6815*b + 61. Is r(3) a composite number?
True
Suppose 0 = 12*z + 5*k - 5064636, -3*z + 4*k = -1396496 + 130337. Is z prime?
False
Let c = 96 - 94. Suppose 0 = -3*k + 5*k - 3*p - 11, 10 = 2*k - c*p. Suppose -2*z + 124 = 2*s - 106, -575 = -5*s - k*z. Is s composite?
True
Let l be (1 - 2 - -5)/(2/(-17)). Let f be (l - (1 - -3))*-1. Suppose -43*s + f*s + 635 = 0. Is s composite?
False
Is -172625*(4/50)/((-3)/15) + -1 a composite number?
True
Let b(v) = v**3 + v**2 + 5*v + 5. Let j be b(9). Let m = -1303 + j. Let o = -96 - m. Is o prime?
True
Let y(n) = -n**3 + 5*n**2 + 14*n + 18. Let a be y(-9). Suppose -d + a = -5*z, -6*z + 5154 = 5*d - 7*z. Is d prime?
True
Let f(r) = 80*r**2 + 28*r + 365. Is f(57) a prime number?
True
Suppose 0 = -5*r + p - 5*p + 52, -2*r + 2*p = -10. Let o(n) = 131*n - 9. Let l be o(r). Suppose 20*v + l = 21*v. Is v a composite number?
False
Suppose -2*t = -3*v - 115913, -4*t + 3*v = 46154 - 277965. Is t composite?
True
Suppose 35*x - 36*x + 178214 = 5*a, -3*x + 534678 = 3*a. Is x composite?
True
Let l = 293632 - 80249. Is l composite?
False
Let l = 61 + -31. Let w = -2092 + 2207. Let r = w - l. Is r a composite number?
True
Suppose 131*i + 361444 = 5014695. Is i a composite number?
False
Suppose -2*s - 4 + 32 = 0. Let h(a) = 10*a + 64*a - s*a - 13 + 24*a. Is h(6) a prime number?
True
Let z = 53573 + -31326. Is z prime?
True
Let c be (-32)/(-240) - (-4)/(-30). Suppose c = 8*j - 1073 - 30903. Let v = j - 2288. Is v composite?
False
Suppose 64*g - 7352609 = -43*g + 28*g. Is g a prime number?
False
Suppose -y + 2*l = -2465, 3*y + 2*l = 5*l + 7395. Let j = y - -4796. Suppose -5*w + j 